7 + 1223?
a97
In base 12, what is -9 - -3710?
3703
In base 3, what is -111202120 + 11201?
-111120212
In base 6, what is 1240 + 10311?
11551
In base 2, what is -101011000 + 10110011?
-10100101
In base 11, what is -11 - -a867?
a856
In base 13, what is -194c5 - -3?
-194c2
In base 8, what is -2 - 105726?
-105730
In base 3, what is 21011010112 + 110?
21011010222
In base 11, what is -913348 + -5?
-913352
In base 10, what is -46 + 17055?
17009
In base 12, what is 2044864 - 5?
204485b
In base 10, what is -26992 + -4?
-26996
In base 16, what is d0 - -15?
e5
In base 6, what is 10532 + 5203?
20135
In base 9, what is 418 + -143?
265
In base 6, what is -130 - -125022?
124452
In base 8, what is -3 + -215626?
-215631
In base 7, what is -5451 + -44?
-5525
In base 13, what is 6b2 + -151?
561
In base 6, what is 301340 + 5?
301345
In base 5, what is -212 - -20004?
14242
In base 5, what is -130411 + -114?
-131030
In base 16, what is -52 - -4422?
43d0
In base 3, what is 1012 - -2111001101?
2111002120
In base 3, what is 10002 + 210011?
220020
In base 9, what is 10128337 + -3?
10128334
In base 6, what is -1042330 + 3?
-1042323
In base 12, what is 4b408 - -b?
4b417
In base 15, what is -21283 - -14?
-2126e
In base 6, what is 4 + -232525?
-232521
In base 8, what is -3262 + 127?
-3133
In base 14, what is 194 - -43a?
5d0
In base 5, what is 22144 + -1042?
21102
In base 4, what is -101 + -1331112?
-1331213
In base 4, what is -3310 - 13222?
-23132
In base 10, what is -228 + 128?
-100
In base 10, what is 31652 + -14?
31638
In base 14, what is 140 - 64b0?
-6370
In base 8, what is 31716 + -130?
31566
In base 14, what is -145b9 - 5?
-145c0
In base 8, what is 3 - -257454?
257457
In base 12, what is 25758 + 22?
2577a
In base 7, what is -5 + 1605504?
1605466
In base 12, what is 42a07 + 3?
42a0a
In base 2, what is 1 + -1011111010001?
-1011111010000
In base 15, what is 2c + 179?
1a6
In base 16, what is 6ac3e - -3?
6ac41
In base 6, what is -341 - -34100?
33315
In base 5, what is 3343 + -42?
3301
In base 9, what is -1282106 - 4?
-1282111
In base 16, what is -1 - -5b1?
5b0
In base 13, what is 604831 + -1?
604830
In base 14, what is -128d - -1?
-128c
In base 10, what is 539 + -875?
-336
In base 16, what is 4 + -1add?
-1ad9
In base 13, what is -3 + -383b4?
-383b7
In base 12, what is -5870 - 4?
-5874
In base 5, what is 110212 + 243?
111010
In base 5, what is 3 + -133033?
-133030
In base 13, what is 1b737 - 5?
1b732
In base 3, what is 10 + 211110022?
211110102
In base 3, what is -221210 + 10222?
-210211
In base 4, what is 10023231 + 300?
10030131
In base 14, what is d4c + -407?
945
In base 10, what is -978 - -801?
-177
In base 4, what is -133330210 + -1?
-133330211
In base 5, what is -132 - 2400?
-3032
In base 5, what is -44014204 + 2?
-44014202
In base 8, what is -12 - -10153?
10141
In base 3, what is 10 + -111000121?
-111000111
In base 5, what is 1014423 - 2?
1014421
In base 16, what is -8b51 + 5?
-8b4c
In base 8, what is 121 + 2?
123
In base 2, what is -100 + -1010000110?
-1010001010
In base 4, what is 120 - 12303?
-12123
In base 16, what is -ddd4 + 6?
-ddce
In base 15, what is 48c + -50?
43c
In base 14, what is 4 + -6b6?
-6b2
In base 2, what is -100 + 1001011101111?
1001011101011
In base 11, what is -37 - -539a?
5363
In base 10, what is -7 + 13251?
13244
In base 15, what is 12 - 4ccb?
-4cb9
In base 8, what is -4 - 27574?
-27600
In base 10, what is -70502 + -4?
-70506
In base 2, what is -110 - -11001000011001?
11001000010011
In base 9, what is 33 + -4761?
-4727
In base 6, what is 1440334 - 4?
1440330
In base 8, what is 342176 + -3?
342173
In base 3, what is -11101100122200 - -10?
-11101100122120
In base 2, what is 100 + -1111101100000011000?
-1111101100000010100
In base 16, what is -3 - -c115?
c112
In base 5, what is 4010 + 2040?
11100
In base 13, what is -5 - 11602?
-11607
In base 14, what is -113 + 573?
460
In base 15, what is -31ae7 + 2?
-31ae5
In base 2, what is -10111110001 + -100011001?
-11100001010
In base 2, what is 10000010010100 - -1100?
10000010100000
In base 3, what is -11 + -102021220020?
-102021220101
In base 11, what is -2 + -14850?
-14852
In base 6, what is -22232 - 2?
-22234
In base 11, what is -2225 - 37?
-2261
In base 9, what is -27 - 1743?
-1771
In base 10, what is 82 + -58?
24
In base 8, what is -1 - -11116?
11115
In base 2, what is 1101 + 10000101110?
10000111011
In base 15, what is 4 + 330e?
3313
In base 15, what is -ac81 + -5?
-ac86
In base 12, what is 33 - -578b?
5802
In base 5, what is -3 - 11312330?
-11312333
In base 8, what is -724500 + -5?
-724505
In base 7, what is 26 - 11254?
-11225
In base 15, what is -1e09 + e?
-1dea
In base 3, what is -10222110 + 10?
-10222100
In base 11, what is -46 - 1894a?
-18995
In base 2, what is -1001110011 + -1010110110?
-10100101001
In base 5, what is 120430 - -12?
120442
In base 14, what is -8d19a8 - 4?
-8d19ac
In base 9, what is 624265 - 2?
624263
In base 13, what is 73c7 - 4?
73c3
In base 5, what is 131421112 + 10?
131421122
In base 12, what is 1295 - 532?
963
In base 8, what is 53 - 227?
-154
In base 6, what is 123 + -14115?
-13552
In base 2, what is -1100001110000 + 1001100?
-1100000100100
In base 3, what is 10222010100 + -11?
10222010012
In base 13, what is 82 + 1a?
9c
In base 8, what is 1 + 4775704?
4775705
In base 7, what is 4 + -13366644?
-13366640
In base 10, what is -3390 - 0?
-3390
In base 14, what is -2441 + -2a?
-246b
In base 7, what is 4 - -1123232?
1123236
In base 4, what is 1 - 11232211?
-11232210
In base 7, what is 5 + 103263?
103301
In base 16, what is 1 + -aa9?
-aa8
In base 4, what is 1311030320 - 10?
1311030310
In base 8, what is -1205052 - 0?
-1205052
In base 14, what is -23 + -4d9?
-51c
In base 13, what is -44b - bc2?
-1340
In base 10, what is 1 - 323304?
-323303
In base 10, what is -70 + -762?
-832
In base 6, what is 215400 + -42?
215314
In base 16, what is 7 - -1907?
190e
In base 13, what is 0 - 7274?
-7274
In base 16, what is 2454d8 - -1?
2454d9
In base 11, what is 21a52 + 3?
21a55
In base 4, what is 13222102 + -21?
13222021
In base 3, what is 1221 - 1202110?
-1200112
In base 13, what is 41ca + -8?
41c2
In base 13, what is ca627 + -3?
ca624
In base 6, what is 24315435 - -1?
24315440
In base 5, what is -2034141 + -103?
-2034244
In base 2, what is 101001100001111 + -1110100?
101001010011011
In base 13, what is 578 + b?
586
In base 10, what is 1304 - 25?
1279
In base 12, what is -2 + -209889?
-20988b
In base 11, what is -5826 - 5?
-5830
In base 14, what is 0 - 11b6?
-11b6
In base 10, what is -53411 + -3?
-53414
In base 16, what is 6 - -11da?
11e0
In base 8, what is -53 + 1770?
1715
In base 14, what is -47 - 230?
-277
In base 5, what is 11200212 - 23?
11200134
In base 8, what is 1004467 - 3?
1004464
In base 11, what is -1 - 356?
-357
In base 5, what is -44022134 + -3?
-44022142
In base 8, what is 2 - 2167346?
-2167344
In base 11, what is 7 - -9a142?
9a149
In base 15, what is -40 + -b04?
-b44
In base 15, what is b964 - 10?
b954
In base 4, what is 3130301 - -20?
3130321
In base 3, what is 1111112 + -1120?
1102222
In base 12, what is -4 - -3566?
3562
In base 3, what is -12120221 + -222220?
-20120211
In base 9, what is 2 - 73802?
-73800
In base 9, what is -22206 - -1?
-22205
In base 12, what is -604b + 31?
-601a
In base 14, what is 2aa8 + 1?
2aa9
In base 11, what is -157a94 + -4?
-157a98
In base 8, what is 21204 + -44?
21140
In base 2, what is 100011 + -1010010101?
-1001110010
In base 4, what is -131 - -1303?
1112
In base 4, what is -1202 - 23233?
-31101
In base 6, what is -100004 + -1120?
-101124
In base 15, what is 1 - 5c83?
-5c82
In base 13, what is 0 - -49337?
49337
In base 9, what is -641213 + -1?
-641214
In base 9, what is 765 - -211?
1076
In base 16, what is -1 - -4141?
4140
In base 10, what is 3629 + 26?
3655
In base 2, what is -101010 - -1000111010?
1000010000
In base 4, what is -2302 + -2222?
-11130
In base 11, what is -5 - -22295?
22290
In base 11, what is -4 - 9972?
-9976
In base 12, what is 5 + -15274?
-1526b
In base 3, what is 212100200 + -10?
212100120
In base 15, what is -4 + 7a0b5?
7a0b1
In base 9, what is -143 + -47571?
-47724
In base 11, what is -1 + 12a750?
12a74a
In base 8, what is 44374 - -1?
44375
In base 7, what is 10443 - 15?
10425
In base 14, what is d1c - -45?
d63
In base 7, what